 greatest common factor of 19066377 and 1221?
33
What is the highest common divisor of 23976471 and 7305?
1461
Calculate the highest common divisor of 9280 and 17805536.
928
Calculate the highest common factor of 12480 and 1468077.
39
Calculate the highest common factor of 17429777 and 51.
17
Calculate the greatest common divisor of 80 and 213985760.
80
Calculate the greatest common divisor of 44880 and 1191784.
88
What is the highest common factor of 644 and 171034486?
322
Calculate the highest common factor of 28036 and 5116.
4
Calculate the highest common factor of 10902 and 78453.
69
Calculate the greatest common divisor of 25067480 and 80.
40
Calculate the highest common factor of 16384230 and 720.
90
Calculate the greatest common factor of 140498977 and 95.
19
What is the highest common divisor of 834944 and 236014?
1186
Calculate the greatest common divisor of 1521808 and 50280.
3352
What is the highest common factor of 257675613 and 1989?
663
Calculate the greatest common factor of 2992 and 12230752.
272
What is the greatest common divisor of 6 and 1010454?
6
What is the greatest common factor of 266478 and 4347?
69
What is the highest common divisor of 99330590 and 40?
10
What is the greatest common factor of 904 and 19712172?
452
What is the highest common divisor of 139394016 and 5396?
284
Calculate the greatest common divisor of 98867842 and 584.
146
What is the greatest common divisor of 4334 and 37099150?
22
Calculate the highest common factor of 1144216 and 49298.
314
What is the greatest common divisor of 20424 and 56281?
23
Calculate the greatest common divisor of 182 and 70345964.
26
Calculate the greatest common factor of 107748 and 8388.
36
Calculate the highest common divisor of 41968272 and 563.
563
Calculate the highest common factor of 450 and 3575970.
90
Calculate the greatest common divisor of 8991 and 413019.
81
Calculate the highest common factor of 96054336 and 21.
21
Calculate the highest common divisor of 28191244 and 33084.
3676
Calculate the greatest common factor of 284192 and 504557.
83
What is the greatest common divisor of 224 and 27015184?
112
What is the greatest common divisor of 55 and 165914540?
55
Calculate the greatest common factor of 499220 and 70532.
916
What is the greatest common factor of 78 and 83964127?
13
Calculate the greatest common factor of 1376930352 and 84.
84
What is the highest common divisor of 24444450 and 76?
38
What is the highest common factor of 17832 and 26172?
12
Calculate the highest common divisor of 36054957 and 6.
3
What is the greatest common divisor of 144522 and 207718?
518
Calculate the highest common divisor of 30281250 and 14535.
4845
What is the highest common factor of 2362 and 224046329?
1181
Calculate the highest common factor of 178176 and 6722304.
768
Calculate the greatest common divisor of 3508300 and 24300.
100
Calculate the highest common divisor of 187207475 and 2982.
497
Calculate the greatest common factor of 484149 and 16401.
213
What is the greatest common divisor of 282305 and 31032?
431
What is the greatest common factor of 492050 and 39650?
650
What is the highest common divisor of 4965 and 46670007?
993
What is the highest common divisor of 1610 and 1627570?
70
Calculate the highest common divisor of 618054090 and 492.
246
What is the highest common divisor of 609027 and 3738?
267
What is the highest common factor of 16132192 and 133108?
1244
Calculate the greatest common factor of 30451 and 10.
1
Calculate the greatest common divisor of 10150 and 2063350.
1450
Calculate the highest common divisor of 387517 and 862168.
2293
Calculate the highest common divisor of 1564299 and 2254276.
5267
What is the greatest common factor of 592825 and 11385?
115
What is the highest common divisor of 65034 and 87498?
18
What is the greatest common factor of 653 and 8800481?
653
Calculate the highest common divisor of 58793 and 165256.
1589
What is the highest common divisor of 18449 and 2109983?
971
What is the greatest common factor of 4232 and 8584?
8
Calculate the highest common divisor of 1234 and 6302.
2
Calculate the highest common factor of 830 and 170505904.
166
Calculate the greatest common factor of 11327423 and 1551.
47
What is the highest common divisor of 13826885 and 143600?
1795
Calculate the greatest common factor of 608 and 12791384.
8
Calculate the greatest common divisor of 198 and 30676866.
66
What is the highest common divisor of 5309498 and 2864?
358
Calculate the greatest common factor of 67104 and 34704.
144
Calculate the greatest common factor of 384440 and 210.
70
Calculate the highest common divisor of 152 and 209150024.
152
Calculate the greatest common factor of 796380900 and 1958.
178
What is the highest common factor of 157908 and 7080?
12
Calculate the highest common divisor of 462 and 4034877.
231
Calculate the highest common factor of 7774 and 8709246.
338
What is the greatest common factor of 4 and 886762?
2
Calculate the highest common factor of 18317858 and 12922.
1846
What is the greatest common factor of 2080 and 1996007?
13
Calculate the highest common factor of 3604865 and 11.
11
Calculate the greatest common factor of 451490171 and 33187.
4741
Calculate the greatest common factor of 47910 and 401595.
15
What is the greatest common factor of 1089213 and 34435?
97
What is the greatest common factor of 21112 and 1056328?
728
Calculate the greatest common factor of 58747871 and 637.
91
What is the greatest common factor of 5918 and 28908?
22
Calculate the greatest common factor of 5456 and 233840.
16
Calculate the highest common factor of 289537346 and 14.
14
Calculate the greatest common factor of 197225581 and 763.
763
What is the greatest common divisor of 6047876 and 5001?
1667
What is the greatest common divisor of 8 and 2172866?
2
Calculate the highest common divisor of 288 and 156868.
4
What is the highest common divisor of 108692 and 307748?
116
What is the greatest common factor of 3625 and 75752785?
145
What is the highest common divisor of 28991 and 641631?
547
What is the highest common factor of 37395 and 70875159?
831
Calculate the highest common divisor of 514328 and 24856.
1912
Calculate the highest common divisor of 125332 and 14052.
4
Calculate the greatest common divisor of 27070308 and 340092.
5076
What is the greatest common factor of 43 and 1603684527?
43
Calculate the greatest common divisor of 733521143 and 3412.
853
What is the greatest common factor of 2904 and 86199432?
2904
What is the highest common factor of 295649420 and 7194?
2398
What is the greatest common divisor of 292187 and 10437?
49
What is the greatest common factor of 495 and 4668615?
45
What is the highest common divisor of 1574 and 11940364?
1574
Calculate the greatest common factor of 452328 and 15114.
6
What is the highest common divisor of 167410476 and 174960?
8748
Calculate the highest common divisor of 64424268 and 324.
108
What is the greatest common divisor of 19952526 and 88?
22
What is the greatest common divisor of 3619563 and 4578?
327
Calculate the greatest common divisor of 1176 and 227630004.
84
Calculate the greatest common divisor of 3339741 and 27.
3
What is the highest common divisor of 69 and 17576807?
23
Calculate the highest common factor of 27520 and 811195.
215
Calculate the highest common divisor of 93299779 and 6781.
6781
What is the highest common factor of 39494096 and 4144?
592
What is the highest common factor of 15 and 25188880?
5
Calculate the greatest common factor of 12762 and 1046592.
18
What is the highest common factor of 160764 and 17148?
12
Calculate the highest common factor of 208 and 4799132.
52
What is the greatest common divisor of 120784609 and 34?
17
Calculate the highest common divisor of 478 and 45436529.
239
What is the highest common divisor of 75130 and 3919300?
110
What is the greatest common divisor of 276670597 and 34?
17
Calculate the greatest common divisor of 1162770 and 362730.
3390
Calculate the highest common factor of 7254109 and 481.
37
What is the greatest common factor of 8322104 and 224?
56
What is the greatest common divisor of 251554 and 26?
2
What is the greatest common factor of 70705 and 90037?
179
What is the greatest common factor of 44899 and 63543?
59
Calc